84?
2, 3, 37, 43
What are the prime factors of 4788?
2, 3, 7, 19
What are the prime factors of 3475?
5, 139
What are the prime factors of 1044?
2, 3, 29
What are the prime factors of 136456?
2, 37, 461
List the prime factors of 101221.
101221
What are the prime factors of 27705?
3, 5, 1847
What are the prime factors of 6354?
2, 3, 353
What are the prime factors of 1085?
5, 7, 31
List the prime factors of 377.
13, 29
List the prime factors of 36401.
89, 409
What are the prime factors of 8605?
5, 1721
List the prime factors of 7247.
7247
What are the prime factors of 2727?
3, 101
What are the prime factors of 129?
3, 43
List the prime factors of 11564.
2, 7, 59
List the prime factors of 3957.
3, 1319
What are the prime factors of 411?
3, 137
List the prime factors of 1926.
2, 3, 107
List the prime factors of 10021.
11, 911
List the prime factors of 5014.
2, 23, 109
What are the prime factors of 8698?
2, 4349
List the prime factors of 1210.
2, 5, 11
List the prime factors of 1119.
3, 373
What are the prime factors of 998?
2, 499
What are the prime factors of 5266?
2, 2633
List the prime factors of 1714.
2, 857
List the prime factors of 6595.
5, 1319
List the prime factors of 2703.
3, 17, 53
What are the prime factors of 933?
3, 311
List the prime factors of 237.
3, 79
What are the prime factors of 42276?
2, 3, 13, 271
What are the prime factors of 169673?
7, 24239
List the prime factors of 1536.
2, 3
List the prime factors of 10566.
2, 3, 587
What are the prime factors of 849?
3, 283
What are the prime factors of 965?
5, 193
List the prime factors of 16144.
2, 1009
List the prime factors of 1937.
13, 149
What are the prime factors of 1158?
2, 3, 193
List the prime factors of 6869.
6869
List the prime factors of 1519.
7, 31
What are the prime factors of 399?
3, 7, 19
What are the prime factors of 2955?
3, 5, 197
What are the prime factors of 367?
367
List the prime factors of 7641.
3, 283
What are the prime factors of 479?
479
What are the prime factors of 3103?
29, 107
What are the prime factors of 282?
2, 3, 47
List the prime factors of 15772.
2, 3943
List the prime factors of 137.
137
What are the prime factors of 50351?
7, 7193
List the prime factors of 62493.
3, 37, 563
What are the prime factors of 60?
2, 3, 5
List the prime factors of 40466.
2, 20233
What are the prime factors of 27701?
27701
What are the prime factors of 869?
11, 79
What are the prime factors of 9990?
2, 3, 5, 37
What are the prime factors of 12813?
3, 4271
List the prime factors of 174231.
3, 239
What are the prime factors of 13374?
2, 3, 743
What are the prime factors of 7794?
2, 3, 433
What are the prime factors of 4555?
5, 911
What are the prime factors of 10003?
7, 1429
What are the prime factors of 9015?
3, 5, 601
List the prime factors of 16049.
11, 1459
What are the prime factors of 646?
2, 17, 19
What are the prime factors of 70421?
13, 5417
What are the prime factors of 41701?
11, 17, 223
List the prime factors of 24544.
2, 13, 59
List the prime factors of 838.
2, 419
List the prime factors of 27534.
2, 3, 13, 353
What are the prime factors of 1454?
2, 727
What are the prime factors of 1811?
1811
List the prime factors of 56636.
2, 14159
What are the prime factors of 10752?
2, 3, 7
List the prime factors of 4146.
2, 3, 691
What are the prime factors of 5632?
2, 11
What are the prime factors of 41416?
2, 31, 167
What are the prime factors of 7238?
2, 7, 11, 47
List the prime factors of 19320.
2, 3, 5, 7, 23
List the prime factors of 1283.
1283
What are the prime factors of 1190?
2, 5, 7, 17
List the prime factors of 1101.
3, 367
What are the prime factors of 203?
7, 29
What are the prime factors of 301?
7, 43
List the prime factors of 13268.
2, 31, 107
List the prime factors of 3588.
2, 3, 13, 23
List the prime factors of 3860.
2, 5, 193
What are the prime factors of 2928?
2, 3, 61
What are the prime factors of 1844?
2, 461
List the prime factors of 1068.
2, 3, 89
List the prime factors of 3289.
11, 13, 23
What are the prime factors of 2834?
2, 13, 109
What are the prime factors of 108552?
2, 3, 4523
What are the prime factors of 1189?
29, 41
What are the prime factors of 3643?
3643
What are the prime factors of 43281?
3, 7, 229
List the prime factors of 330.
2, 3, 5, 11
What are the prime factors of 207?
3, 23
What are the prime factors of 1350?
2, 3, 5
List the prime factors of 5122.
2, 13, 197
What are the prime factors of 1116?
2, 3, 31
List the prime factors of 5051.
5051
What are the prime factors of 1006?
2, 503
What are the prime factors of 90073?
90073
List the prime factors of 61723.
61723
What are the prime factors of 3116?
2, 19, 41
List the prime factors of 859.
859
What are the prime factors of 11862?
2, 3, 659
List the prime factors of 11476.
2, 19, 151
What are the prime factors of 110645?
5, 22129
What are the prime factors of 217?
7, 31
What are the prime factors of 5507?
5507
What are the prime factors of 2461?
23, 107
List the prime factors of 1243.
11, 113
List the prime factors of 9744.
2, 3, 7, 29
What are the prime factors of 5455?
5, 1091
List the prime factors of 1289.
1289
What are the prime factors of 1471?
1471
What are the prime factors of 17?
17
What are the prime factors of 5345?
5, 1069
What are the prime factors of 3570?
2, 3, 5, 7, 17
What are the prime factors of 148093?
11, 13463
What are the prime factors of 13642?
2, 19, 359
What are the prime factors of 352?
2, 11
What are the prime factors of 41806?
2, 20903
What are the prime factors of 48707?
53, 919
What are the prime factors of 626?
2, 313
What are the prime factors of 25676?
2, 7, 131
List the prime factors of 14.
2, 7
What are the prime factors of 470?
2, 5, 47
List the prime factors of 5079.
3, 1693
List the prime factors of 4994.
2, 11, 227
What are the prime factors of 54?
2, 3
What are the prime factors of 3954?
2, 3, 659
What are the prime factors of 72838?
2, 79, 461
List the prime factors of 11713.
13, 17, 53
List the prime factors of 226.
2, 113
What are the prime factors of 12712?
2, 7, 227
What are the prime factors of 11112?
2, 3, 463
What are the prime factors of 4651?
4651
What are the prime factors of 1029?
3, 7
List the prime factors of 1255.
5, 251
What are the prime factors of 74153?
29, 2557
What are the prime factors of 2767?
2767
List the prime factors of 145.
5, 29
List the prime factors of 794.
2, 397
List the prime factors of 538.
2, 269
List the prime factors of 27281.
27281
What are the prime factors of 1055?
5, 211
List the prime factors of 2465.
5, 17, 29
What are the prime factors of 9546?
2, 3, 37, 43
What are the prime factors of 11716?
2, 29, 101
List the prime factors of 650.
2, 5, 13
List the prime factors of 1174.
2, 587
What are the prime factors of 16629?
3, 23, 241
What are the prime factors of 21898?
2, 10949
What are the prime factors of 40066?
2, 13, 23, 67
What are the prime factors of 118816?
2, 47, 79
List the prime factors of 3416.
2, 7, 61
List the prime factors of 1542.
2, 3, 257
List the prime factors of 9197.
17, 541
What are the prime factors of 7296?
2, 3, 19
What are the prime factors of 6191?
41, 151
List the prime factors of 3250.
2, 5, 13
List the prime factors of 1329.
3, 443
What are the prime factors of 17603?
29, 607
List the prime factors of 23444.
2, 5861
List the prime factors of 139151.
227, 613
What are the prime factors of 2212?
2, 7, 79
What are the prime factors of 412?
2, 103
List the prime factors of 132708.
2, 3, 11059
What are the prime factors of 885?
3, 5, 59
What are the prime factors of 2237?
2237
List the prime factors of 944.
2, 59
List the prime factors of 6303.
3, 11, 191
What are the prime factors of 11869?
11, 13, 83
List the prime factors of 175.
5, 7
List the prime factors of 28512.
2, 3, 11
What are the prime factors of 157?
157
What are the prime factors of 3624?
2, 3, 151
List the prime factors of 9751.
7, 199
List the prime factors of 2153.
2153
List the prime factors of 3075.
3, 5, 41
List the prime factors of 724.
2, 181
What are the prime factors of 23944?
2, 41, 73
List the prime factors of 1086.
2, 3, 181
What are the prime factors of 13250?
2, 5, 53
List the prime factors of 3619.
7, 11, 47
List the prime factors of 396.
2, 3, 11
List the prime factors of 594.
2, 3, 11
Lis